What is the hundreds digit of 336687?
6
What is the tens digit of 268027?
2
What is the ten thousands digit of 3972891?
7
What is the hundreds digit of 820024?
0
What is the millions digit of 1224449?
1
What is the tens digit of 10131164?
6
What is the hundreds digit of 211465?
4
What is the ten thousands digit of 445504?
4
What is the thousands digit of 59495?
9
What is the tens digit of 160920?
2
What is the units digit of 117234?
4
What is the ten thousands digit of 163000?
6
What is the hundred thousands digit of 592463?
5
What is the ten thousands digit of 154901?
5
What is the units digit of 433792?
2
What is the ten thousands digit of 23354?
2
What is the millions digit of 5613015?
5
What is the hundred thousands digit of 8570746?
5
What is the tens digit of 7755303?
0
What is the thousands digit of 1473069?
3
What is the units digit of 10806578?
8
What is the hundred thousands digit of 1742800?
7
What is the units digit of 10549518?
8
What is the ten thousands digit of 477403?
7
What is the tens digit of 55822?
2
What is the ten thousands digit of 2406980?
0
What is the units digit of 575351?
1
What is the thousands digit of 4252862?
2
What is the hundreds digit of 459709?
7
What is the hundred thousands digit of 237852?
2
What is the tens digit of 2604720?
2
What is the ten thousands digit of 9030666?
3
What is the units digit of 171975?
5
What is the tens digit of 127263?
6
What is the hundred thousands digit of 3677406?
6
What is the tens digit of 13028190?
9
What is the thousands digit of 329505?
9
What is the hundred thousands digit of 647090?
6
What is the hundreds digit of 242241?
2
What is the units digit of 79075?
5
What is the ten thousands digit of 710255?
1
What is the units digit of 4635043?
3
What is the millions digit of 4600931?
4
What is the tens digit of 146969?
6
What is the ten thousands digit of 396979?
9
What is the thousands digit of 1088489?
8
What is the hundred thousands digit of 907858?
9
What is the hundred thousands digit of 1757564?
7
What is the ten thousands digit of 37975833?
7
What is the tens digit of 83387?
8
What is the ten thousands digit of 2067239?
6
What is the ten millions digit of 14658356?
1
What is the units digit of 277859?
9
What is the ten thousands digit of 388313?
8
What is the units digit of 185666?
6
What is the tens digit of 323919?
1
What is the thousands digit of 5849?
5
What is the tens digit of 6241448?
4
What is the tens digit of 60662?
6
What is the units digit of 330315?
5
What is the ten thousands digit of 687797?
8
What is the hundred thousands digit of 9921225?
9
What is the hundred thousands digit of 545159?
5
What is the ten thousands digit of 45430?
4
What is the thousands digit of 1783381?
3
What is the ten thousands digit of 442884?
4
What is the units digit of 475000?
0
What is the thousands digit of 257693?
7
What is the tens digit of 751617?
1
What is the hundreds digit of 1074670?
6
What is the thousands digit of 672099?
2
What is the millions digit of 23499360?
3
What is the tens digit of 36945?
4
What is the tens digit of 33229?
2
What is the hundreds digit of 11336?
3
What is the thousands digit of 24671116?
1
What is the units digit of 247594?
4
What is the ten thousands digit of 2558755?
5
What is the millions digit of 1053071?
1
What is the millions digit of 16152876?
6
What is the units digit of 361597?
7
What is the tens digit of 41222541?
4
What is the ten thousands digit of 29687423?
8
What is the tens digit of 3121942?
4
What is the hundreds digit of 7244796?
7
What is the hundred thousands digit of 228619?
2
What is the hundred thousands digit of 189123?
1
What is the hundreds digit of 25997072?
0
What is the hundreds digit of 1461829?
8
What is the millions digit of 10328062?
0
What is the thousands digit of 167564?
7
What is the hundreds digit of 848911?
9
What is the millions digit of 1009655?
1
What is the ten thousands digit of 37243122?
4
What is the units digit of 71845?
5
What is the hundreds digit of 399561?
5
What is the thousands digit of 1148914?
8
What is the units digit of 577616?
6
What is the tens digit of 682885?
8
What is the hundred thousands digit of 4370171?
3
What is the thousands digit of 639331?
9
What is the hundreds digit of 1772822?
8
What is the tens digit of 76414?
1
What is the ten thousands digit of 29466648?
6
What is the hundreds digit of 2814768?
7
What is the ten thousands digit of 493800?
9
What is the ten thousands digit of 183215?
8
What is the hundreds digit of 457882?
8
What is the units digit of 7365241?
1
What is the thousands digit of 206800?
6
What is the hundred thousands digit of 185390?
1
What is the hundred thousands digit of 6306234?
3
What is the thousands digit of 2432703?
2
What is the ten thousands digit of 11598620?
9
What is the tens digit of 477841?
4
What is the units digit of 1060749?
9
What is the thousands digit of 2062729?
2
What is the hundred thousands digit of 323124?
3
What is the ten thousands digit of 3058002?
5
What is the tens digit of 104629?
2
What is the ten thousands digit of 2353655?
5
What is the tens digit of 10971277?
7
What is the hundred thousands digit of 340149?
3
What is the tens digit of 1029251?
5
What is the hundred thousands digit of 359691?
3
What is the hundred thousands digit of 483017?
4
What is the thousands digit of 13071000?
1
What is the units digit of 492717?
7
What is the ten thousands digit of 1557193?
5
What is the hundred thousands digit of 5862887?
8
What is the hundred thousands digit of 4121096?
1
What is the units digit of 420358?
8
What is the units digit of 106115?
5
What is the hundred thousands digit of 403212?
4
What is the thousands digit of 58291?
8
What is the hundreds digit of 103559?
5
What is the hundred thousands digit of 2115561?
1
What is the thousands digit of 18301583?
1
What is the hundreds digit of 21732798?
7
What is the hundreds digit of 537998?
9
What is the ten thousands digit of 1213270?
1
What is the thousands digit of 3104046?
4
What is the thousands digit of 4324977?
4
What is the hundred thousands digit of 581942?
5
What is the hundred thousands digit of 2211776?
2
What is the ten thousands digit of 458811?
5
What is the thousands digit of 6380005?
0
What is the ten thousands digit of 4530391?
3
What is the ten thousands digit of 310037?
1
What is the tens digit of 1732976?
7
What is the millions digit of 40512442?
0
What is the tens digit of 5559844?
4
What is the ten thousands digit of 241536?
4
What is the thousands digit of 311295?
1
What is the thousands digit of 112588?
2
What is the hundred thousands digit of 167096?
1
What is the hundreds digit of 663675?
6
What is the hundreds digit of 238317?
3
What is the millions digit of 8936247?
8
What is the units digit of 513788?
8
What is the hundreds digit of 14294171?
1
What is the ten millions digit of 24568809?
2
What is the millions digit of 3087109?
3
What is the hundreds digit of 101643?
6
What is the units digit of 26174851?
1
What is the tens digit of 331881?
8
What is the tens digit of 1085511?
1
What is the ten thousands digit of 198914?
9
What is the tens digit of 671574?
7
What is the hundred thousands digit of 173403?
1
What is the ten thousands digit of 1335377?
3
What is the hundreds digit of 598972?
9
What is the ten thousands digit of 19875?
1
What is the units digit of 15310199?
9
What is the ten thousands digit of 2006960?
0
What is the ten thousands digit of 858749?
5
What is the hundred thousands digit of 4336618?
3
What is the ten thousands digit of 13398250?
9
What is the hundred thousands digit of 1131057?
1
What is the units digit of 17084?
4
What is the millions digit of 30101690?
0
What is the tens digit of 168588?
8
What is the tens digit of 9353381?
8
What is the tens digit of 54191?
9
What is the thousands digit of 112567?
2
What is the tens digit of 39886?
8
What is the units digit of 2718197?
7
What is the hundreds digit of 7455683?
6
What is the hundred thousands digit of 1201657?
2
What is the hundreds digit of 12263291?
2
What is the hundred thousands digit of 320830?
3
What is the millions digit of 3345286?
3
What is the thousands digit of 320691?
0
What is the hundreds digit of 806665?
6
What is the tens digit of 1526775?
7
What is t